ivisor of 375 and 2505.
15
Calculate the highest common factor of 280 and 120.
40
What is the greatest common divisor of 161 and 92?
23
Calculate the greatest common divisor of 544 and 256.
32
Calculate the highest common divisor of 309 and 4429.
103
Calculate the highest common factor of 78 and 65.
13
What is the greatest common divisor of 7 and 721?
7
Calculate the greatest common factor of 21 and 12873.
21
Calculate the greatest common factor of 60 and 1100.
20
Calculate the highest common divisor of 280 and 8120.
280
What is the greatest common divisor of 396 and 6798?
66
What is the greatest common factor of 16 and 12?
4
Calculate the highest common factor of 363 and 968.
121
What is the greatest common factor of 890 and 20?
10
What is the highest common divisor of 1 and 13?
1
What is the highest common factor of 3683 and 127?
127
Calculate the highest common factor of 140 and 350.
70
Calculate the highest common divisor of 718 and 14.
2
What is the greatest common factor of 53 and 15529?
53
What is the highest common divisor of 127 and 3683?
127
What is the highest common divisor of 260 and 5?
5
Calculate the highest common divisor of 5 and 840.
5
Calculate the greatest common factor of 84 and 300.
12
Calculate the highest common divisor of 14 and 114.
2
Calculate the greatest common factor of 425 and 100.
25
Calculate the greatest common divisor of 154 and 22.
22
What is the highest common divisor of 624 and 360?
24
Calculate the greatest common factor of 72 and 7800.
24
What is the greatest common factor of 18704 and 28?
28
Calculate the greatest common factor of 574 and 28.
14
Calculate the greatest common divisor of 446 and 2.
2
What is the highest common factor of 33 and 5973?
33
Calculate the greatest common factor of 273 and 21.
21
What is the highest common divisor of 23 and 2783?
23
What is the greatest common factor of 28 and 189?
7
Calculate the greatest common factor of 748 and 238.
34
What is the greatest common divisor of 111 and 74?
37
What is the greatest common factor of 1131 and 39?
39
What is the highest common divisor of 5395 and 83?
83
What is the greatest common divisor of 8 and 124?
4
Calculate the highest common factor of 511 and 73.
73
What is the greatest common factor of 12 and 492?
12
What is the greatest common factor of 50 and 3475?
25
What is the highest common factor of 65 and 1?
1
Calculate the highest common divisor of 78 and 793.
13
What is the highest common divisor of 72 and 948?
12
Calculate the greatest common divisor of 129 and 430.
43
What is the highest common factor of 40 and 180?
20
What is the highest common factor of 5 and 10?
5
What is the greatest common factor of 12 and 66?
6
What is the greatest common divisor of 45 and 3585?
15
Calculate the greatest common divisor of 36 and 20484.
36
Calculate the highest common divisor of 3275 and 262.
131
What is the highest common factor of 103425 and 21?
21
Calculate the greatest common factor of 360 and 9960.
120
What is the greatest common divisor of 15 and 95?
5
What is the greatest common divisor of 22 and 1881?
11
Calculate the greatest common factor of 156 and 403.
13
Calculate the greatest common divisor of 461 and 1.
1
What is the greatest common factor of 34 and 14722?
34
What is the highest common factor of 91 and 169?
13
What is the highest common factor of 132 and 4092?
132
Calculate the highest common divisor of 237 and 9164.
79
What is the greatest common divisor of 12 and 54?
6
What is the greatest common divisor of 62 and 93?
31
Calculate the highest common divisor of 1035 and 45.
45
Calculate the greatest common factor of 68 and 6749.
17
Calculate the greatest common factor of 2985 and 15.
15
What is the highest common divisor of 3912 and 24?
24
Calculate the highest common divisor of 32 and 12.
4
Calculate the greatest common factor of 5037 and 138.
69
Calculate the greatest common factor of 54 and 66.
6
Calculate the greatest common factor of 40 and 1090.
10
What is the highest common factor of 88 and 704?
88
Calculate the highest common divisor of 21 and 777.
21
What is the greatest common factor of 222 and 3034?
74
What is the greatest common divisor of 216 and 136?
8
Calculate the highest common divisor of 24 and 21.
3
Calculate the highest common divisor of 4165 and 1764.
49
What is the highest common factor of 5513 and 111?
37
What is the highest common divisor of 58 and 522?
58
Calculate the highest common factor of 3321 and 41.
41
What is the highest common factor of 2528 and 790?
158
What is the greatest common divisor of 512 and 160?
32
Calculate the highest common factor of 417 and 10703.
139
What is the greatest common factor of 100 and 1160?
20
Calculate the highest common divisor of 3520 and 1144.
88
What is the highest common factor of 174 and 96?
6
What is the highest common divisor of 13 and 832?
13
What is the greatest common factor of 35 and 945?
35
What is the greatest common divisor of 70 and 15?
5
What is the highest common factor of 18 and 96822?
18
Calculate the greatest common factor of 150 and 250.
50
What is the highest common factor of 44 and 176?
44
What is the highest common factor of 50 and 325?
25
What is the highest common divisor of 18 and 2094?
6
Calculate the highest common divisor of 196 and 20972.
196
Calculate the highest common divisor of 665 and 1520.
95
What is the greatest common factor of 3420 and 10?
10
What is the highest common divisor of 20 and 580?
20
Calculate the greatest common factor of 161 and 43470.
161
What is the highest common factor of 22 and 550?
22
What is the greatest common divisor of 56 and 497?
7
What is the greatest common divisor of 51 and 289?
17
What is the greatest common divisor of 10 and 110?
10
What is the greatest common factor of 98 and 4592?
14
What is the greatest common factor of 3110 and 10?
10
What is the highest common factor of 1 and 107?
1
What is the highest common divisor of 153 and 6?
3
Calculate the highest common factor of 45 and 285.
15
What is the greatest common factor of 50 and 4375?
25
Calculate the highest common factor of 3799 and 58.
29
What is the highest common factor of 2144 and 32?
32
Calculate the highest common factor of 780 and 180.
60
Calculate the highest common divisor of 592 and 128.
16
What is the highest common divisor of 6055 and 35?
35
Calculate the greatest common divisor of 3 and 126.
3
Calculate the greatest common factor of 52 and 442.
26
What is the highest common divisor of 113 and 904?
113
Calculate the highest common factor of 81 and 29916.
27
What is the highest common divisor of 40 and 130?
10
What is the highest common divisor of 405 and 10?
5
Calculate the greatest common factor of 216 and 192.
24
Calculate the greatest common divisor of 120 and 3750.
30
Calculate the greatest common factor of 8 and 128.
8
What is the highest common divisor of 164 and 3854?
82
Calculate the highest common factor of 10 and 305.
5
Calculate the highest common factor of 86 and 11266.
86
What is the greatest common divisor of 104 and 936?
104
Calculate the highest common factor of 3568 and 16.
16
Calculate the greatest common divisor of 5439 and 49.
49
Calculate the highest common divisor of 2925 and 25.
25
What is the greatest common divisor of 41 and 1?
1
What is the greatest common divisor of 192 and 372?
12
What is the greatest common divisor of 171 and 27?
9
What is the highest common factor of 1311 and 138?
69
Calculate the greatest common divisor of 1729 and 665.
133
What is the highest common divisor of 9 and 2853?
9
What is the greatest common divisor of 59 and 1003?
59
Calculate the highest common divisor of 39 and 39819.
39
What is the highest common factor of 5 and 5?
5
Calculate the highest common factor of 525 and 13425.
75
What is the greatest common divisor of 10 and 2?
2
Calculate the highest common divisor of 113770 and 310.
310
Calculate the greatest common divisor of 154 and 6094.
22
What is the highest common divisor of 12 and 1899?
3
Calculate the greatest common factor of 546 and 126.
42
What is the highest common divisor of 1780 and 60?
20
What is the greatest common factor of 4 and 548?
4
Calculate the greatest common factor of 32 and 6752.
32
What is the greatest common divisor of 689 and 1007?
53
Cal